1
In base 15, what is -25db6 - 19ba?
-27881
In base 4, what is 10323032012 + 203?
10323032221
In base 8, what is 4543 + -403670?
-377125
In base 11, what is 2 + 5035789?
5035790
In base 11, what is -31 + 7770554?
7770523
In base 11, what is -46 + 9259?
9213
In base 15, what is 2 - -1619?
161b
In base 7, what is 461 + -65455?
-64664
In base 8, what is -157 + -17266601?
-17266760
In base 12, what is -3 - 4a56775?
-4a56778
In base 14, what is -1d3a + -cbb1?
-10b0b
In base 7, what is 20 - 15141551?
-15141531
In base 15, what is 1125d + -16c?
110e1
In base 13, what is 9956 + -22a6?
7680
In base 14, what is 2 - -82b0559?
82b055b
In base 13, what is -1 + 5c856ba?
5c856b9
In base 9, what is -8 + 20708174?
20708165
In base 13, what is 157 + -34b7b6?
-34b65c
In base 15, what is -19c + 43c9?
422c
In base 3, what is -11010 + 2101000110?
2100212100
In base 7, what is -5151 + 643?
-4205
In base 8, what is -23742104 - -3?
-23742101
In base 2, what is -11110010110101001011 - -10101?
-11110010110100110110
In base 12, what is 5 + 3900922?
3900927
In base 7, what is -4 + 24441201?
24441164
In base 8, what is 3 - -433620674?
433620677
In base 2, what is 1010001110011101101001010 - 101?
1010001110011101101000101
In base 9, what is -7344 + -1772?
-10226
In base 3, what is 2 - 21222210210?
-21222210201
In base 2, what is -11100011 - 10000101011100100?
-10000101111000111
In base 8, what is -4562214713 - 4?
-4562214717
In base 8, what is 414726 - 13?
414713
In base 12, what is -20b5984 + -9?
-20b5991
In base 8, what is 1325353 + -4?
1325347
In base 3, what is 11022021 + -120200211?
-102101120
In base 16, what is -e8f9e7 - -4?
-e8f9e3
In base 8, what is -167150 + 42643?
-124305
In base 10, what is 3686910 - -9?
3686919
In base 5, what is 3122322001 + 0?
3122322001
In base 15, what is 3b75b - 566?
3b1e5
In base 14, what is -5 + -412c1?
-412c6
In base 6, what is 221 + -1220533?
-1220312
In base 5, what is -10202 + 210304141?
210243434
In base 11, what is -2a - -278316?
278297
In base 6, what is 305003355320 - 1?
305003355315
In base 13, what is a5b6a74 - 3?
a5b6a71
In base 7, what is 140203 - -2562?
143065
In base 15, what is -5 + -45230?
-45235
In base 16, what is 3 + 3be87?
3be8a
In base 11, what is 31a + 128545?
128864
In base 16, what is -5a07 + -25a?
-5c61
In base 14, what is -62 + 242c53c?
242c4ba
In base 6, what is 1130314 + 10?
1130324
In base 11, what is 4049676 + 4?
404967a
In base 10, what is 83539 + 48?
83587
In base 9, what is 338235 - 50?
338175
In base 8, what is 3105757 + 3?
3105762
In base 7, what is -61 + -53253223?
-53253314
In base 5, what is -14323 - -401304?
331431
In base 5, what is 113124 - -2320402?
2434031
In base 11, what is 22 + 66977?
66999
In base 4, what is -1 + -22222101122030?
-22222101122031
In base 5, what is -1300044004 - 3?
-1300044012
In base 2, what is 10101011001111 + -1000010101000100?
-101101001110101
In base 6, what is 35112 - 32320?
2352
In base 8, what is 320626 + -5?
320621
In base 3, what is 101022 - 12122120?
-12021021
In base 3, what is 11 - 1022202012?
-1022202001
In base 4, what is -3003031101 + 1223?
-3003023212
In base 16, what is -59 - 4d89?
-4de2
In base 10, what is 9788 + 1830?
11618
In base 8, what is 1103747666 + -12?
1103747654
In base 11, what is -87525 + 19?
-87507
In base 4, what is 2001310310 + 2302?
2001313212
In base 8, what is 7 + -500761647?
-500761640
In base 15, what is 2384255 - -4?
2384259
In base 2, what is 1 - 11110110111101100010100011?
-11110110111101100010100010
In base 7, what is 5 - 24264423?
-24264415
In base 12, what is 128 + -1a06?
-189a
In base 7, what is 5150 + -353126?
-344646
In base 9, what is -7761381 - 3?
-7761384
In base 13, what is 4774ac1 + -4?
4774aba
In base 12, what is 34a6 - 5665?
-217b
In base 2, what is -11111000000100000010 + -100011?
-11111000000100100101
In base 15, what is -41c8e03 + -2?
-41c8e05
In base 9, what is -113126 - 46?
-113173
In base 16, what is -9a8eee + 4?
-9a8eea
In base 2, what is 0 - 100110010010000111011101?
-100110010010000111011101
In base 7, what is 0 + 30031445?
30031445
In base 4, what is -30301 + 2201033?
2110132
In base 6, what is 30522405 + -1440?
30520525
In base 15, what is 2e414 + 4?
2e418
In base 14, what is -134d8 - -20d?
-132c9
In base 4, what is -3302301322130 + 3?
-3302301322121
In base 15, what is 3 + -12da2d8?
-12da2d5
In base 4, what is -1313321 + 30212?
-1223103
In base 11, what is 2a9 + 117164?
117462
In base 14, what is -7960 + 1?
-795d
In base 7, what is 6356252 + 21?
6356303
In base 5, what is 141 - -4242124?
4242320
In base 9, what is -10452 - -52030?
41467
In base 15, what is 1057c99 - -1?
1057c9a
In base 13, what is a5 + ca303?
ca3a8
In base 7, what is -114 - 643306?
-643423
In base 2, what is 11100101010010 + 10011001?
11100111101011
In base 12, what is 12819 - 3805?
b014
In base 14, what is -1185 - -c6c8?
b543
In base 7, what is -16 - 1325106?
-1325125
In base 8, what is 2072050 - 122?
2071726
In base 5, what is 1002024 + 1242?
1003321
In base 7, what is -3351 + 1530642?
1524261
In base 16, what is 22 + -2010e1?
-2010bf
In base 15, what is 258b65e + 4?
258b663
In base 7, what is 403056445 - 3?
403056442
In base 5, what is -1033 + 2013103104?
2013102021
In base 6, what is -22330 + 21350?
-540
In base 3, what is -102212012200 + -12011?
-102212101211
In base 3, what is 1202 + -1000201002101?
-1000201000122
In base 8, what is -2421305 + 73?
-2421212
In base 7, what is -4 - 4243021?
-4243025
In base 9, what is -6 - 30714556?
-30714563
In base 11, what is 39aa81 + 116?
3a0097
In base 7, what is 10410123 - -1613?
10412036
In base 9, what is 418780 - 55?
418724
In base 4, what is 11203100310300 + -10?
11203100310230
In base 13, what is a677c8c0 + 0?
a677c8c0
In base 2, what is 10001000101101111010 + 101101?
10001000101110100111
In base 12, what is -7 + -149266b?
-1492676
In base 4, what is -212300201323 - -1?
-212300201322
In base 2, what is 11 - 1100110010000011011100?
-1100110010000011011001
In base 9, what is -4662585 + -2?
-4662587
In base 6, what is -5122 + -2022001?
-2031123
In base 4, what is -21 + 2133221311200?
2133221311113
In base 14, what is -18a4644 + -3?
-18a4647
In base 15, what is -562 - 3038d?
-30900
In base 6, what is -3155551101 - -4?
-3155551053
In base 11, what is -1361 - 431?
-1792
In base 10, what is 292 - 135762?
-135470
In base 2, what is 11 - 100101001011000011100010?
-100101001011000011011111
In base 11, what is 552 - -1a4308?
1a485a
In base 8, what is -105 - 26431352?
-26431457
In base 7, what is 3565 - 1155343?
-1151445
In base 16, what is 28900d - -1?
28900e
In base 15, what is -473c0d - -7?
-473c06
In base 14, what is -9 + 2b6720?
2b6715
In base 12, what is 6320 - -789?
6aa9
In base 4, what is -1310332123 + -3?
-1310332132
In base 4, what is 2013 + 113322?
122001
In base 4, what is 31002301 + -2302?
30333333
In base 3, what is 1010110102012 + -1010?
1010110101002
In base 14, what is -54c - 11126?
-11674
In base 6, what is 24555025 - 21?
24555004
In base 4, what is 10 - -100133023310?
100133023320
In base 13, what is 634 + -361b3?
-3587c
In base 2, what is 100100011111110001100100 - -10000?
100100011111110001110100
In base 3, what is 10111222102011 - -12?
10111222102100
In base 15, what is 123a + -1d4?
1056
In base 6, what is 152 - 10303413?
-10303221
In base 9, what is -487227878 + 4?
-487227874
In base 4, what is 213310221011 + -1?
213310221010
In base 4, what is -3323132230011 - 3?
-3323132230020
In base 13, what is -6abc89 - -3?
-6abc86
In base 15, what is 46 - 1ed5b4?
-1ed56d
In base 12, what is -69082 + 5b?
-69023
In base 9, what is 27570 + -18108?
8461
In base 3, what is 110 - -1120220221001200?
1120220221002010
In base 12, what is -2282 + -191a?
-3ba0
In base 4, what is -322301232323 - 1?
-322301232330
In base 15, what is -1a + 350016?
34eeeb
In base 5, what is -221003 + -433204?
-1204212
In base 11, what is -33 - 11629?
-11661
In base 5, what is -12330 + -33310?
-101140
In base 5, what is 101330244031 + 3?
101330244034
In base 10, what is -21202799 + 3?
-21202796
In base 5, what is 21303 + -1113441?
-1042133
In base 16, what is 1c736 - -141?
1c877
In base 5, what is -110112143 - 1011?
-110113204
In base 10, what is 183983579 + -4?
183983575
In base 2, what is 100101111 - -1000011101010010001